 = 3*v. What is the units digit of h?
4
Suppose 23925 = -105*r + 130*r. What is the hundreds digit of r?
9
Let r(d) = d - 3. Let q be r(6). Suppose 3*l + q*t = l - 8, 8 = -2*t. Suppose -l*p + 19 = -p. What is the units digit of p?
9
Let l be (133/7)/((-1)/(-18)). Let d = l - 198. Suppose -d = -0*x - 4*x. What is the units digit of x?
6
Suppose -28*a + 58639 - 17759 = 0. What is the tens digit of a?
6
Suppose -6*n = -2*n - 28. Let x(r) = -r**3 + 10*r**2 - 6*r - 16. What is the tens digit of x(n)?
8
Suppose 11*m = 9*m + 10, -4*x + 4*m = 220. Let h = x - -334. What is the units digit of h?
4
Let l = 105 - 107. Let f be 15/((9/10)/(-3)). What is the units digit of 0 + l - (6 + f)?
2
Let x(o) = -o**3 - 7*o**2 + o + 9. Let u be ((-56)/12)/(2/3). Let z be x(u). What is the units digit of (-20)/(-12) + z/6?
2
Let b be 2 + (-5)/(20/(-208)). Let l = 79 - b. What is the units digit of l?
5
Let o(s) = -s**3 - 6*s**2 + 3. Let m be o(-6). Suppose -b = f + 7, 0 = -m*b + f - 3*f - 17. Let j = b - -19. What is the units digit of j?
6
Let m(o) = 13*o**2 - 26*o + 202. What is the tens digit of m(8)?
2
Let t(l) = -40*l - 6. Let a be t(-12). Let n = -330 + a. What is the units digit of n?
4
Let w(s) be the second derivative of -1/6*s**3 + 0 - 4*s + 5*s**4 + 0*s**2. What is the units digit of w(-1)?
1
Suppose 0 = -45*t + 46*t - 273. What is the tens digit of t?
7
Suppose 2*y + 0*y = 54. Let n = y - -29. What is the units digit of n?
6
Suppose -433 = -5*l + 6607. What is the thousands digit of l?
1
Let m be ((-2)/(-4))/(12/144). Let h(o) = -7*o**2 + o + 4. Let d(z) = 10*z**2 - 2*z - 6. Let t(g) = 5*d(g) + 7*h(g). What is the tens digit of t(m)?
1
Let g(w) = w + 4. Let b be g(-4). Suppose 2*r - 5*p + 8 = b, r - 2 + 0 = p. What is the units digit of r?
6
Let t be (-1)/(-2) + (-31)/(-2). Suppose 0 = 5*o - t + 1. Suppose -o*q + y = -46, 0 = 4*q - 5*y - 34 - 31. What is the tens digit of q?
1
Let j be 54 + (-2 + 4)*-1. Let i = -36 + j. What is the tens digit of i?
1
Suppose 140 = 5*v + 3*s - 2*s, -2*v + 56 = 4*s. Let g(i) = -i**3 + 3*i**2 + 3*i - 1. Let j be g(3). What is the units digit of ((-119)/v)/((-2)/j)?
7
Let s = 147 + -58. Let t = s + -62. What is the units digit of t?
7
Let d = -6 - -18. Suppose 4*g = 5*y + g - 121, d = 4*g. What is the tens digit of y?
2
Suppose u + 17 - 10 = 0. Let r = u - -95. What is the tens digit of r?
8
Suppose 9*j - 7*j + 2 = 0, -3*h + 2*j = -5342. What is the thousands digit of h?
1
Let c(n) be the first derivative of 83*n**2/2 + n + 26. What is the tens digit of c(2)?
6
Let x(f) be the first derivative of f**3/3 + 9*f**2/2 - 7*f - 4. Let g be (-954)/81 - 2/9. What is the tens digit of x(g)?
2
Let l(f) = -3*f + 9 + 3*f - 5*f - 5*f + f**2. What is the units digit of l(12)?
3
Let a = -189 - -123. Let z = -10 - a. What is the tens digit of z?
5
What is the hundreds digit of (2/(-7))/2 + 71322/42?
6
Let d = 3865 + -1653. What is the thousands digit of d?
2
Suppose 5*d + 5*o - 3815 = 0, -o = -5*d - 3*o + 3824. What is the hundreds digit of d?
7
Suppose 1 = k, 4*q - 4*k - 4 = 12. Suppose 2*w = -q*i + 22, -4*i = -0*i - 5*w - 44. What is the units digit of i?
6
Let t(a) = -983*a - 364. What is the tens digit of t(-4)?
6
Let v = 428 + 1392. What is the units digit of v?
0
Let b(z) = 16*z**2 + 15*z - 63. What is the units digit of b(4)?
3
Let w be (-2)/2*(4 + 1). Let v = 18 + w. What is the units digit of v?
3
Suppose 1283 = 5*z - 2*z - 5*c, 2*z = 4*c + 856. What is the hundreds digit of z?
4
Let g(w) = -w**2 - 28*w + 28. What is the units digit of g(-9)?
9
Let d = -6 + 3. Let f be (7/2)/(d/6). Let b = 35 - f. What is the units digit of b?
2
What is the tens digit of 8/(-28)*(1255/(-10) + -4)?
3
Suppose -v = -6 + 3. What is the units digit of v - (3/3 + -29)?
1
Let u(a) = 721*a - 628. What is the hundreds digit of u(5)?
9
Suppose -28*o - 20 = -32*o. Suppose 0 = o*t + 3*y - 541, -t - 4*t - 4*y = -538. What is the tens digit of t?
1
Suppose -a + 0 - 6 = 0. Let p = 232 + a. What is the tens digit of p?
2
Suppose -22*r = -3151 - 8509. What is the hundreds digit of r?
5
Let h = -607 + 964. What is the tens digit of h?
5
Let p = 11 - 6. Suppose 7*m - p*m = 32. What is the tens digit of m?
1
Let q = 4908 - 2828. What is the thousands digit of q?
2
Let o(w) = -w**2 - 17*w - 4. Suppose -2*n = -12 - 4. Suppose -2*s = 24 + n. What is the units digit of o(s)?
2
Suppose 2*s + 4*r = 278, 15 = -5*r - 5. What is the units digit of s?
7
Let v(d) = -3 + 6 + 2*d + 0 + 5. Let z be v(5). Suppose 14*w - 11*w - z = 0. What is the units digit of w?
6
Let i(b) = -338*b + 3. Let a(r) = 1013*r - 9. Let z(s) = -4*a(s) - 11*i(s). Let d be z(2). What is the tens digit of (-3)/12 - d/20?
3
Let f = -2451 - -4181. What is the thousands digit of f?
1
Let d = -336 + 348. What is the units digit of d?
2
Let k(v) = 0*v + 3 + 2*v - 4 + 5*v. Let f be k(7). What is the units digit of (8/16)/(1/f)?
4
Suppose -24 = -2*g - 5*n, 4*n = 4*g + 4 + 4. Suppose 5*x - 1715 = -g*x. Suppose u - 155 = -2*b - 0*u, 4*u - x = -3*b. What is the units digit of b?
5
Suppose -11*m + 8*m + 2235 = 3*v, 2*v = 2*m - 1510. What is the tens digit of m?
5
Suppose -492 = 11*l - 13*l + 2*s, 0 = -2*l - 5*s + 471. What is the units digit of l?
3
Suppose 0 = -4*b - 8 - 40. Let d be 1/3*6 - b. Suppose -d*j + 11*j = -84. What is the tens digit of j?
2
Suppose 0 = -h + 2*f - 25, -4*f - 186 = 4*h - 50. Let j = h - -41. What is the tens digit of j?
1
What is the units digit of -4 - ((-2828)/10 - 0)*10?
4
Let m = 108 + -105. Suppose 4*b + 4*p - 264 = 0, -4*b = -m*p + p - 288. What is the tens digit of b?
7
Let f be 655/35 + (-2)/(-7). Let r = f - 14. What is the units digit of (1/1)/(r/130)?
6
Let x = 4 + 2. Let t = x + 86. Let b = t + -46. What is the tens digit of b?
4
Let u = -31 - -25. Let m be 2/u - (-366)/18. Let t = 45 + m. What is the tens digit of t?
6
What is the tens digit of 43508/18 + (-13)/117?
1
Suppose -3*t + 41 = 263. Let y be t + (3 - (-1 - -6)). What is the tens digit of -3 - (y/4 - -2)?
1
Let s be 235/(-2)*60/(-50). Suppose -6*j - s = -9*j. What is the tens digit of j?
4
Suppose 2*f + 1350 = 4*g, 2*f + f - 341 = -g. What is the tens digit of g?
3
Let q(l) = -l**3 - l**2 + 3*l + 3. Let a be q(-3). Suppose 0 = -3*k + 2 + 19. Let n = a + k. What is the tens digit of n?
1
Let q(h) = h**2 + 48*h - 13. What is the units digit of q(9)?
0
Let f(y) be the second derivative of -y**5/20 + 2*y**4/3 - 5*y**3/6 + 13*y**2/2 + 2*y. Let q be f(6). Let r = q + -1. What is the units digit of r?
4
Let n(m) = 69*m**3 - 2*m**2 - 3*m + 2. What is the units digit of n(2)?
0
Let c(p) = -57*p + 871. What is the units digit of c(-45)?
6
Suppose -44 = -3*s + 7*s. Let n be s/(-7) - 3/(-7). Suppose 5*l = n*x - 48, -2*x - x + 2*l = -83. What is the units digit of x?
9
Suppose 4*m = -2*d - 4 - 20, -3*d = 3*m + 33. Let n be d/(-35) + 4/(-14). Suppose n = -0*i + 3*i - 48. What is the units digit of i?
6
Let b(x) = 8*x**2 - 176*x + 62. What is the hundreds digit of b(32)?
6
Let l be (3 - 43)/(-4) - -2. Let o = -1 + 2. Suppose -w + o = -l. What is the units digit of w?
3
Let z = -4459 + 8884. What is the hundreds digit of z?
4
What is the tens digit of (8 - -4) + 3423 + 1 + 4?
4
Let n = 13 - 11. Let r be 2 + (-2)/n - -3. What is the tens digit of 1/2*(r + 22)?
1
Suppose -2*n + 5*p - 8 = -2, 3*n - 5*p = -4. Suppose 0 = -3*v - 3*h + 51, -3*v - n*h = -0*h - 49. What is the tens digit of v?
1
Let p be -1 - (-20 + 4)/4. Suppose 393 + 9 = p*o. What is the hundreds digit of o?
1
Let t = 211 + -125. Suppose 82 = 5*q + 2*a, -3*q + t = 2*q + a. Suppose -4*u + u = -3*j + q, -4*j = 5*u - 69. What is the tens digit of j?
1
Let r = 30 + -26. Let u = 16 + r. What is the tens digit of u?
2
Let c = 205 + -95. Suppose -174 - c = -b - q, -b = 4*q - 296. Suppose 0 = 4*n - 0*n - b. What is the units digit of n?
0
Suppose -5*f + 28 - 18 = 0. Suppose 273 = -f*n + 5*n. What is the tens digit of n?
9
Suppose -4*a - 5*a + 6363 = 0. What is the hundreds digit of a?
7
Let o(y) = 2*y + 39. Let w be o(0). Suppose -6*a + w = -a - 4*i, -i = -4. What is the tens digit of a?
1
Let c(n) = -n**3 - 4*n**2 + 3. Let o be c(-3). Let g be (-110)/3*o/(-5). Let i = -16 - g. What is the units digit of i?
8
Let y be 8 + 1 + 0/3. Suppose -4*u + 60 = -y*u. What is the units digit